28 - 5) + (0 + 3 - 4).
25
What is -3 + (-149 - -52 - -100)?
0
Calculate 53 - (-22 + -26 + 46).
55
Evaluate 97 + -1 - (-4559 + 4618).
37
-7 - ((13 - -5) + -38) - 27
-14
Calculate (-98 - -56) + (19 - 70).
-93
Evaluate (-66 - (-46 + 28)) + (3 + -3 - 0 - -12).
-36
Evaluate 1647 + -1631 + (-5 - (-1 + 20)).
-8
Evaluate (-41 - -45) + (-2 + 5 - (14 - (1 - -8))).
2
What is -19 - ((-93 - -24) + 51)?
-1
Calculate (-13 - ((-5 - 8) + 15) - (-7 + -3)) + -51.
-56
Evaluate -1215 + 1235 - (19 + -16 + (-89 - 1)).
107
-41 + 39 + -25 + 15
-12
249 - 243 - (-6 + -17 + -5 + 5)
29
Calculate 5638 + -5560 + (-1 - 77).
0
What is (48 - 55 - (2 + -8)) + -6 + -1 + -2?
-10
What is the value of (-9 + -2 - (-133 - -48)) + -6 + 4?
72
Calculate -62 - (22 + -8 + (15 - 13) + 1 + -11).
-68
Evaluate 1 + -6 + -10 - (-29 - -6).
8
(-6 - -2) + 2 - (-2188 + 2123)
63
Calculate -574 + 683 + (6 - (40 + 1)).
74
What is the value of (-19 - (-4 + 8 + -15)) + 13 + 1 - -4?
10
-65 + 11 + -2 + -16 + 5 + (74 - 84)
-77
Evaluate 18 + (6 - 16) + -5 - -16.
19
Calculate (6 - -27) + (14 - -10) + -20.
37
Calculate -116 + 72 - (-54 + -7).
17
What is -520 + 343 + 68 + -1?
-110
What is 20 - (15 + -8 - (98 + -55))?
56
What is -28 - (14 + (63 - 53))?
-52
Evaluate 21 - (-51 - (-106 + 71)).
37
What is 49 + (31 + -114 - 27)?
-61
What is the value of -1 + -9 - -20 - -2 - 34?
-22
What is (-65 - -156) + 49 - 58?
82
Evaluate 22 - 63 - (42 - (16 + 29)).
-38
8 + 5 + ((0 - (-12 + 7)) + 8 - -12)
38
What is the value of -48 - (7 - 14 - (-56 + 136))?
39
Calculate -21 - 12 - (14 - 6).
-41
What is -2 + 0 - (-67 - ((-74 - -127) + -92))?
26
What is -9 + -17 + -10 - -30 - (48 - (-1 - -3))?
-52
Evaluate (-25 - ((14 - -10) + -30)) + -50.
-69
Calculate (-96 - (-122 - -52)) + 87.
61
What is the value of (3 - -21 - ((22 - -12) + -33)) + 2?
25
What is the value of 7 + (-45 + 33 - (8 - 1)) + 9 + -1?
-4
What is (159 - 80) + -27 - -25?
77
What is 27 + (-10 - (7 + -2 - (26 - (-4 + 16))))?
26
What is -3 - -69 - (-127 - -200)?
-7
Evaluate -22 - (-21 + (-20 - (16 - 37))).
-2
Evaluate (1101 - 1083) + (-1 - 25) + -7.
-15
Evaluate -13 - (-25 - (19 + -14 + -22)).
-5
Calculate 56 - 4 - (789 - 849).
112
Calculate 44 + -37 + -14 + 42.
35
What is the value of -13 + 2 + (62 - 1) + -22 + 21?
49
Evaluate -7 + (-21 - -23) + -9.
-14
What is the value of (2 - 10) + -2 + (9 - (-36 + 53) - 29)?
-47
What is (0 - 1 - (-18 + 12)) + (-48 - -41) - 47?
-49
Evaluate 300 + -347 + 65 + 1.
19
-7 + 1 + 10 + -3 - 10 - (62 + -6)
-65
6 - -118 - (-576 - -565)
135
Calculate -4 + 34 - (-10 + -15 - -4).
51
What is the value of -13 + -20 - (-3 - (-17 - -3))?
-44
-71 + -3 + (63 + -10 + -5 - 27)
-53
Evaluate (13 - 0) + (-4216 - -4250).
47
What is -42 + 13 + 16 + 17 + 59?
63
What is 63 + -48 - (61 + 6 + -9)?
-43
What is the value of (-72 - 4) + -35 + 65 + 11 + -48?
-83
Calculate (2 - 63) + (7 - (28 + -29)) + (-10 - -3).
-60
What is 1 + 6 + (3 - 4 - 16) + 129 + -209?
-90
What is -5 + -6 + 6 - ((29 - 14) + -3)?
-17
What is -4 + 20 - 31 - -25?
10
Calculate 22 - -49 - 208 - -98.
-39
Evaluate (-25 - 111) + -135 + 335.
64
What is 9 + -2 - -14 - 7 - (-12 + (2 - 11))?
35
What is (-220 - (79 - 285)) + (0 - -88 - -2)?
76
What is (193 - 189) + (20 - 88)?
-64
What is 9 + (-4 + -4 - (-30 - -29)) - (6 + 2)?
-6
Calculate 57 + -63 + 6 + -9.
-9
Evaluate -183 + 183 - (1 + (15 - 10)).
-6
Evaluate -33 - (-24 - -4) - -18 - (2 - -34).
-31
What is the value of -30 + 50 + -22 - -32 - (11 + 0)?
19
-9 - 1 - (-40 - 3 - (36 - (68 + -29)))
30
Evaluate 6 - (93 - (-28 + 51)).
-64
Calculate -122 - (-124 + 14 + -30).
18
What is -78 + 11 - (-105 + 51)?
-13
What is (-1 + -2 + (-13 - 2) - -11) + 131?
124
What is (-19 - 7) + (15 - 3) - -66?
52
Evaluate 35 - (-46 - (-43 - (26 + -60))).
72
What is (-2 - -6 - (11 + 1)) + (-50 - (-41 + 37))?
-54
What is (57 - (153 + -11)) + 48?
-37
What is the value of -12 + -1 - (-18 + (24 - -4))?
-23
What is 4 + -23 - (-46 - -51 - (26 + -10))?
-8
What is 3 - (7 - -1 - 14 - -66 - (-36 + 29))?
-64
Evaluate 7 + -2 + (20 - 10) + -18 + (-31 - -54).
20
-16 - 1 - (-256 - -174) - 5 - -2
62
Evaluate -7 + (67 - 106) + 4 + -25 + (-1 - 1).
-69
What is (-12 - -1 - 27) + 5 - 24?
-57
Calculate 142 + -8 + -194 - -205.
145
Calculate 79 + -25 + 51 + -100.
5
What is the value of 90 - 3 - (-2 + 0) - (-17352 + 17359)?
82
Evaluate -19 - -1 - (97 + -122 + 31).
-24
What is the value of -74 - ((-55 - -29) + 41)?
-89
-12 - -2 - (-4 + (1 - 0) - (-391 + 365))
-33
Evaluate (-12 + -35 - -79) + 8.
40
Evaluate 13 - (-4 + (3 + -14 - -20) + 14).
-6
Calculate (264 - 342 - (3 + 3 + -2)) + 7 + -7.
-82
-7 + 0 - (408 + -428) - -28
41
Evaluate 11 - ((-48 - 68) + 48 - (10 + 0)).
89
5 - (4 + -6 + 4 + 9 + -10)
4
Calculate (10 - 61) + 53 + 30.
32
What is the value of 1 + -8 + (1 - 38) + -357 + 430?
29
What is -53 + -12 + 151 - 88?
-2
144 + -3 + 2563 + -2642
62
Calculate 3 - 15 - 18 - -39 - (-1 + 7).
3
48 - (0 - 8 - (-29 - (-14 - -1)))
40
Calculate -1224 + 1231 + (93 + -7 - 3 - (2 - 0)).
88
What is 63 - 93 - 31 - -10?
-51
What is -6 - (-7 - 1) - (42 - 29) - -42?
31
Calculate -3 + (0 - (33 + -30)) - (3 - 8).
-1
Evaluate (5 + 12 - 52) + 7 + -1.
-29
Evaluate (-3 - 0) + (-77 - -82) + -10 + 1 + -45.
-52
(336 - (587 - 149)) + (48 - -1)
-53
Evaluate 13 + (54 - 0) - (-37 + 14 - -25).
65
Evaluate (31 - (61 + 24)) + 5.
-49
(82 - 20) + 8 - 40
30
Calculate -12 + (60 + -198 - -27).
-123
Evaluate -11 + (134 + -58 - (-4 - (-6 + -1 + 1))).
63
2 - (5 + 11 + -2 + 2)
-14
Evaluate -9 + (-20 - (-40 - (6 - -5))).
22
Evaluate ((-18 - -13) + (5 - -14) - 64) + 1 + 8.
-41
What is the value of -136 - (175 - 243 - (-33 + -3))?
-104
Evaluate -4 + 44 - (35 + 6).
-1
What is 80 + (-10 - (15 + -11) - (-11 - (0 - -1)))?
78
-24 + 3 + -35 + 42 + 47
33
Evaluate 3 - (-36 + 50 + -31 - (-3 - 0)).
17
-3 - (11 + (-40 - -3 - (-4 + -1)))
18
What is the value of -2404 - -2402 - ((5 - 4) + -11)?
8
6216 - 6215 - (-13 + 0)
14
-3 + 1 - 1 - -3 - -86
86
Evaluate (12 - 10) + -46 + 1 - (-28 + 28 + -1).
-42
Evaluate 0 - -6 - (71 - (-57 + 132)).
10
What is (35 - -11) + -193 + 233?
86
What is -842 - -841 - (-17 - 1)?
17
Evaluate -2 + -58 - (-28 - ((28 - 81) + 30)).
-55
What is the value of 43 + -70 + 43 + (-4 - -1)?
13
What is the value of (-11 - -20) + 12 - 26 - 28?
-33
What is the value of (-1 - -8) + 16 - (-40 + 29)?
34
108 - 46 - (2 + -5 - -3 - -9)
53
Calculate (6 + -18 - 2) + -3 + (-9 - (-27 + 13)).
-12
What is the value of -58 + 59 + -30 + (-6 + -2 - (7 - 10))?
-34
What is the value of -1074 + 1137 + 0 + 2 + (-2 - 2)?
61
Evaluate 2 + 73 + (-1288 - -1251).
38
What is 13 - 19 - (-6 + 0) - (4 - -1) - -17?
12
What is the value of 89 + (105 - 20) + -177?
-3
-2 + (-19 - -9) + -6 + -2 + 21
1
Evaluate -99 + (-358 + 333 - (-52 - 0)).
-72
Calculate 63 + -64 + 0 + -39 + -3 + 0.
-43
Calculate (0 - 1) + (-209 - -157).
-53
Evaluate -23 + 2 - (5 - -14).
-40
Calculate (-31 - 10) + -2 - -20 - -114.
91
Evaluate -8 - (6 + -26 + (15 - 2)) - 18.
-19
What is -25 + (-7 - -25) + 51?
44
Evaluate 7 + -41 - 38 - (0 - 18).
-54
Evaluate -23 - (24 + -28 - (54 - -1)).
36
What is -58 - (-21 + 7 + 1 + (6 - 1))?
-50
Calculate 19 - (51 + (-4 - 16) - 13).
1
Calculate -21 + 20 + 20 - 65 - 20.
-66
Calculate (24 + 1 - 44) + (-6 - -38) - 128.
-115
What is (-23 - -23) + (17 - -5 - 12) + -13?
-3
What is (40 - (1 - -42)) + (1 - ((1 - -2) + 70))?
-75
Evaluate (-1 - -114) + -3 - 3 - -1 - (-68 - -74).
102
What is the value of 50 + (-39 - (-11 + -20))?
42
What is (-4 - -87) + -93 + (-17 - (-4 + 2))?
-25
Evaluate 0 + -3 + 3 + 1 - (659 + -660).
2
What is (7 + -17 - (1 - 1)) + 3 + 8 - -3?
4
What is -49 + 62 + -10 + -18?
-15
(-10 + 2 - (-24 + 45 + -24)) + 46
41
Evaluate -28 + 0 + (204 - 218) - -3 - -8.
-31
Evaluate -11 - 33 - (-36 - 4).
-4
What is the value of -16 - (74 + -63 - -13)?
-40
What is the value of (6 - -68) + (-37 - -69 - 27)?
79
What is the value of 56 - 69 - -6 - (-11 - -89)?
-85
Calculate -2 + 2 + 6 - (-552 + 434) - 18.
106
7 - (-10 + (-28 - -28) - (-50 - 2))
-35
What is -165 - -156 - ((-3 - -5) + -30)?
19
What is the value of -11 - (41 - 24) - (-5 + -4)?
-19
Calculate -56 + (-1 - 10) + 0 - (-49 + 55).
-73
What is the value of (-124 - 1) + -911 + 963?
-73
What is 15 - 1 - (9 - -205 - 155)?
-45
Evaluate -1 - (-1 + 0) - (-125 + 51 + 79 + 20).
-25
Calculate (35 - 18 - 23) + 4 + -4 + -3.
-9
What is (8143 - 802